{"id":4565,"date":"2026-08-31T07:56:34","date_gmt":"2026-08-31T07:56:34","guid":{"rendered":"https:\/\/www.motownconcerts.be\/event\/motown-laat-brussel-zinderen\/"},"modified":"2026-08-31T07:56:34","modified_gmt":"2026-08-31T07:56:34","slug":"motown-laat-brussel-zinderen","status":"publish","type":"tribe_events","link":"https:\/\/www.motownconcerts.be\/nl\/event\/motown-laat-brussel-zinderen\/","title":{"rendered":"MOTOWN LAAT BRUSSEL ZINDEREN!"},"content":{"rendered":"<p><strong>OP 27 SEPTEMBER LAAT mOtown WALLONI\u00cb-BRUSSEL ZINDEREN!<\/strong><\/p>\n<p><strong><br \/>\n<\/strong>E\u00e9n podium, vier artiesten en drie afspraken om de muziek van de Federatie Walloni\u00eb-Brussel te vieren.<br \/>\nVan de nieuwe stemmen van M\u2019Pili en EDA tot de soulkracht van Fredy Massamba en de elektrische live-act van Volt Selector: bereid u voor op een dag vol ontdekkingen, emoties en energie.<\/p>\n<p><strong><br \/>\nOP HET PROGRAMMA<\/strong><\/p>\n<p><strong><br \/>\n\u2728 16u30 \u2013 M\u2019Pili &#038; EDA<br \/>\n<\/strong>Twee showcases, twee werelden en twee laureaten van BELPAV 2026 om te ontdekken vanaf de opening van de dag.<\/p>\n<p><strong><br \/>\n\ud83e\udd41 19u00 \u2013 Fredy Massamba presenteert GOMA<br \/>\n<\/strong>E\u00e9n stem, \u00e9\u00e9n instrument en een bezielde performance. Van het Koninkrijk Kongo tot Brussel, via Canada en de wereldpodia: Fredy Massamba transformeert zijn reizen in adem, ritme en emotie. <\/p>\n<p><strong><br \/>\n\u26a1 20u30 \u2013 Volt Selector live in concert<br \/>\n<\/strong>Het Brusselse collectief veroorzaakt een kortsluiting tussen genres: elektro, dub, hiphop, ragga, funk en rock botsen in een krachtige, gulle en hoogspanningsvolle live-act.<\/p>\n<p>Artiesten uit Walloni\u00eb-Brussel. Unieke werelden. Een dag om te luisteren, te ontdekken, te zinderen en elkaar te ontmoeten.  <\/p>\n<p>\ud83d\udcc5 Zondag 27 september 2026<br \/>\n\ud83d\udd5f Vanaf 16u30<br \/>\n\ud83d\udccd mOtown Concert \u2013 Brussel, Rogier<\/p>\n<p>Gratis maar inschrijven verplicht!<\/p>\n<p><strong><br \/>\nKies op 27 september niet tussen ontdekking, emotie en energie: beleef ze alle drie bij mOtown Concerts!<br \/>\n<\/strong><\/p>\n","protected":false},"excerpt":{"rendered":"<p>OP 27 SEPTEMBER LAAT mOtown WALLONI\u00cb-BRUSSEL ZINDEREN! E\u00e9n podium, vier artiesten en drie afspraken om de muziek van de Federatie Walloni\u00eb-Brussel te vieren. Van de nieuwe stemmen van M\u2019Pili en [&hellip;]<\/p>\n","protected":false},"author":2,"featured_media":4564,"template":"","meta":{"site-sidebar-layout":"default","site-content-layout":"","ast-site-content-layout":"default","site-content-style":"default","site-sidebar-style":"default","ast-global-header-display":"","ast-banner-title-visibility":"","ast-main-header-display":"","ast-hfb-above-header-display":"","ast-hfb-below-header-display":"","ast-hfb-mobile-header-display":"","site-post-title":"","ast-breadcrumbs-content":"","ast-featured-img":"","footer-sml-layout":"","ast-disable-related-posts":"","theme-transparent-header-meta":"default","adv-header-id-meta":"","stick-header-meta":"","header-above-stick-meta":"","header-main-stick-meta":"","header-below-stick-meta":"","astra-migrate-meta-layouts":"default","ast-page-background-enabled":"default","ast-page-background-meta":{"desktop":{"background-color":"var(--ast-global-color-5)","background-image":"","background-repeat":"repeat","background-position":"center center","background-size":"auto","background-attachment":"scroll","background-type":"","background-media":"","overlay-type":"","overlay-color":"","overlay-opacity":"","overlay-gradient":""},"tablet":{"background-color":"","background-image":"","background-repeat":"repeat","background-position":"center center","background-size":"auto","background-attachment":"scroll","background-type":"","background-media":"","overlay-type":"","overlay-color":"","overlay-opacity":"","overlay-gradient":""},"mobile":{"background-color":"","background-image":"","background-repeat":"repeat","background-position":"center center","background-size":"auto","background-attachment":"scroll","background-type":"","background-media":"","overlay-type":"","overlay-color":"","overlay-opacity":"","overlay-gradient":""}},"ast-content-background-meta":{"desktop":{"background-color":"var(--ast-global-color-4)","background-image":"","background-repeat":"repeat","background-position":"center center","background-size":"auto","background-attachment":"scroll","background-type":"","background-media":"","overlay-type":"","overlay-color":"","overlay-opacity":"","overlay-gradient":""},"tablet":{"background-color":"var(--ast-global-color-4)","background-image":"","background-repeat":"repeat","background-position":"center center","background-size":"auto","background-attachment":"scroll","background-type":"","background-media":"","overlay-type":"","overlay-color":"","overlay-opacity":"","overlay-gradient":""},"mobile":{"background-color":"var(--ast-global-color-4)","background-image":"","background-repeat":"repeat","background-position":"center center","background-size":"auto","background-attachment":"scroll","background-type":"","background-media":"","overlay-type":"","overlay-color":"","overlay-opacity":"","overlay-gradient":""}},"_tribe_events_status":"","_tribe_events_status_reason":"","footnotes":""},"tags":[],"tribe_events_cat":[70,101],"class_list":["post-4565","tribe_events","type-tribe_events","status-publish","has-post-thumbnail","hentry","tribe_events_cat-afro-wereldmuziek","tribe_events_cat-fusion","cat_afro-wereldmuziek","cat_fusion"],"_links":{"self":[{"href":"https:\/\/www.motownconcerts.be\/nl\/wp-json\/wp\/v2\/tribe_events\/4565","targetHints":{"allow":["GET"]}}],"collection":[{"href":"https:\/\/www.motownconcerts.be\/nl\/wp-json\/wp\/v2\/tribe_events"}],"about":[{"href":"https:\/\/www.motownconcerts.be\/nl\/wp-json\/wp\/v2\/types\/tribe_events"}],"author":[{"embeddable":true,"href":"https:\/\/www.motownconcerts.be\/nl\/wp-json\/wp\/v2\/users\/2"}],"version-history":[{"count":0,"href":"https:\/\/www.motownconcerts.be\/nl\/wp-json\/wp\/v2\/tribe_events\/4565\/revisions"}],"wp:featuredmedia":[{"embeddable":true,"href":"https:\/\/www.motownconcerts.be\/nl\/wp-json\/wp\/v2\/media\/4564"}],"wp:attachment":[{"href":"https:\/\/www.motownconcerts.be\/nl\/wp-json\/wp\/v2\/media?parent=4565"}],"wp:term":[{"taxonomy":"post_tag","embeddable":true,"href":"https:\/\/www.motownconcerts.be\/nl\/wp-json\/wp\/v2\/tags?post=4565"},{"taxonomy":"tribe_events_cat","embeddable":true,"href":"https:\/\/www.motownconcerts.be\/nl\/wp-json\/wp\/v2\/tribe_events_cat?post=4565"}],"curies":[{"name":"wp","href":"https:\/\/api.w.org\/{rel}","templated":true}]}}

<p><strong>OP 27 SEPTEMBER LAAT mOtown WALLONIË-BRUSSEL ZINDEREN!</strong></p>
<p><strong><br />
</strong>Eén podium, vier artiesten en drie afspraken om de muziek van de Federatie Wallonië-Brussel te vieren.<br />
Van de nieuwe stemmen van M’Pili en EDA tot de soulkracht van Fredy Massamba en de elektrische live-act van Volt Selector: bereid u voor op een dag vol ontdekkingen, emoties en energie.</p>
<p><strong><br />
OP HET PROGRAMMA</strong></p>
<p><strong><br />
✨ 16u30 – M’Pili &#038; EDA<br />
</strong>Twee showcases, twee werelden en twee laureaten van BELPAV 2026 om te ontdekken vanaf de opening van de dag.</p>
<p><strong><br />
🥁 19u00 – Fredy Massamba presenteert GOMA<br />
</strong>Eén stem, één instrument en een bezielde performance. Van het Koninkrijk Kongo tot Brussel, via Canada en de wereldpodia: Fredy Massamba transformeert zijn reizen in adem, ritme en emotie. </p>
<p><strong><br />
⚡ 20u30 – Volt Selector live in concert<br />
</strong>Het Brusselse collectief veroorzaakt een kortsluiting tussen genres: elektro, dub, hiphop, ragga, funk en rock botsen in een krachtige, gulle en hoogspanningsvolle live-act.</p>
<p>Artiesten uit Wallonië-Brussel. Unieke werelden. Een dag om te luisteren, te ontdekken, te zinderen en elkaar te ontmoeten.  </p>
<p>📅 Zondag 27 september 2026<br />
🕟 Vanaf 16u30<br />
📍 mOtown Concert – Brussel, Rogier</p>
<p>Gratis maar inschrijven verplicht!</p>
<p><strong><br />
Kies op 27 september niet tussen ontdekking, emotie en energie: beleef ze alle drie bij mOtown Concerts!<br />
</strong></p>

<p>OP 27 SEPTEMBER LAAT mOtown WALLONIË-BRUSSEL ZINDEREN! Eén podium, vier artiesten en drie afspraken om de muziek van de Federatie Wallonië-Brussel te vieren. Van de nieuwe stemmen van M’Pili en [&hellip;]</p>
